881?
8
What is the units digit of 211284?
4
What is the hundreds digit of 204424?
4
What is the tens digit of 1255449?
4
What is the ten millions digit of 12674037?
1
What is the tens digit of 600432?
3
What is the tens digit of 12071?
7
What is the hundreds digit of 66412?
4
What is the hundreds digit of 12202143?
1
What is the ten thousands digit of 1911393?
1
What is the millions digit of 1573949?
1
What is the thousands digit of 20441309?
1
What is the ten millions digit of 15915541?
1
What is the tens digit of 3052884?
8
What is the units digit of 6860013?
3
What is the ten thousands digit of 1232685?
3
What is the hundreds digit of 361326?
3
What is the tens digit of 2333901?
0
What is the hundred thousands digit of 17739376?
7
What is the hundreds digit of 37830?
8
What is the tens digit of 192374?
7
What is the thousands digit of 2998136?
8
What is the millions digit of 22625689?
2
What is the hundred thousands digit of 355098?
3
What is the units digit of 2743999?
9
What is the tens digit of 778195?
9
What is the hundreds digit of 232328?
3
What is the units digit of 3958213?
3
What is the tens digit of 8546037?
3
What is the hundreds digit of 9195330?
3
What is the hundred thousands digit of 1225940?
2
What is the hundreds digit of 40991?
9
What is the hundred thousands digit of 6400762?
4
What is the hundreds digit of 3574371?
3
What is the ten millions digit of 10863214?
1
What is the hundreds digit of 134708?
7
What is the hundred thousands digit of 1438566?
4
What is the tens digit of 33535773?
7
What is the tens digit of 3331974?
7
What is the ten millions digit of 32048443?
3
What is the ten thousands digit of 3577428?
7
What is the thousands digit of 1201926?
1
What is the tens digit of 10928034?
3
What is the hundred thousands digit of 8757283?
7
What is the millions digit of 33906367?
3
What is the units digit of 4241018?
8
What is the units digit of 276041?
1
What is the units digit of 24286378?
8
What is the thousands digit of 29071?
9
What is the tens digit of 961790?
9
What is the ten thousands digit of 1396042?
9
What is the ten thousands digit of 417239?
1
What is the thousands digit of 31496610?
6
What is the tens digit of 23485913?
1
What is the thousands digit of 99240?
9
What is the hundred thousands digit of 372531?
3
What is the hundreds digit of 30566?
5
What is the tens digit of 669510?
1
What is the ten thousands digit of 1419910?
1
What is the hundred thousands digit of 22269498?
2
What is the hundreds digit of 6124?
1
What is the hundreds digit of 420489?
4
What is the ten thousands digit of 30418615?
1
What is the millions digit of 21878120?
1
What is the hundred thousands digit of 892316?
8
What is the units digit of 136601?
1
What is the units digit of 125899?
9
What is the units digit of 2575357?
7
What is the ten thousands digit of 79927?
7
What is the millions digit of 2582311?
2
What is the hundreds digit of 155470?
4
What is the hundred thousands digit of 3399952?
3
What is the ten thousands digit of 43607?
4
What is the hundreds digit of 869242?
2
What is the thousands digit of 117570?
7
What is the hundreds digit of 90256?
2
What is the thousands digit of 4238118?
8
What is the hundreds digit of 1505432?
4
What is the units digit of 315619?
9
What is the units digit of 90083?
3
What is the units digit of 2502722?
2
What is the ten thousands digit of 9292743?
9
What is the units digit of 23656651?
1
What is the hundreds digit of 503823?
8
What is the units digit of 562781?
1
What is the ten thousands digit of 18249750?
4
What is the millions digit of 4353834?
4
What is the units digit of 24854?
4
What is the hundreds digit of 187578?
5
What is the ten thousands digit of 648948?
4
What is the tens digit of 1205759?
5
What is the hundred thousands digit of 991041?
9
What is the hundred thousands digit of 16455325?
4
What is the ten thousands digit of 16349?
1
What is the hundred thousands digit of 796326?
7
What is the hundred thousands digit of 1240449?
2
What is the units digit of 986883?
3
What is the hundreds digit of 323378?
3
What is the ten thousands digit of 666042?
6
What is the hundred thousands digit of 211010?
2
What is the millions digit of 3462256?
3
What is the hundred thousands digit of 8179486?
1
What is the tens digit of 469334?
3
What is the thousands digit of 397215?
7
What is the ten thousands digit of 831635?
3
What is the units digit of 129177?
7
What is the hundred thousands digit of 2622393?
6
What is the tens digit of 110534?
3
What is the hundreds digit of 869507?
5
What is the thousands digit of 38048?
8
What is the units digit of 115397?
7
What is the thousands digit of 578406?
8
What is the hundreds digit of 34036753?
7
What is the ten thousands digit of 6645957?
4
What is the tens digit of 903594?
9
What is the hundred thousands digit of 155193?
1
What is the tens digit of 282786?
8
What is the hundred thousands digit of 160530?
1
What is the tens digit of 414470?
7
What is the ten thousands digit of 485170?
8
What is the units digit of 4427981?
1
What is the thousands digit of 1324802?
4
What is the units digit of 4131996?
6
What is the thousands digit of 106381?
6
What is the units digit of 5083528?
8
What is the tens digit of 1311571?
7
What is the ten thousands digit of 254133?
5
What is the ten thousands digit of 625879?
2
What is the tens digit of 929324?
2
What is the hundred thousands digit of 10387103?
3
What is the millions digit of 5631332?
5
What is the ten thousands digit of 339960?
3
What is the tens digit of 120265?
6
What is the thousands digit of 304639?
4
What is the tens digit of 5347857?
5
What is the units digit of 226918?
8
What is the hundreds digit of 20488?
4
What is the thousands digit of 559359?
9
What is the units digit of 50889?
9
What is the units digit of 149295?
5
What is the ten thousands digit of 402707?
0
What is the hundreds digit of 2972573?
5
What is the ten thousands digit of 692267?
9
What is the hundred thousands digit of 1548580?
5
What is the hundreds digit of 1530085?
0
What is the hundreds digit of 670817?
8
What is the ten thousands digit of 380579?
8
What is the tens digit of 119993?
9
What is the thousands digit of 5079827?
9
What is the hundred thousands digit of 10679265?
6
What is the units digit of 4710?
0
What is the units digit of 120243?
3
What is the units digit of 1921960?
0
What is the millions digit of 2152995?
2
What is the thousands digit of 305104?
5
What is the hundred thousands digit of 20695996?
6
What is the units digit of 1403239?
9
What is the units digit of 216533?
3
What is the units digit of 129755?
5
What is the ten thousands digit of 13274814?
7
What is the tens digit of 299301?
0
What is the hundred thousands digit of 10286317?
2
What is the thousands digit of 104485?
4
What is the units digit of 1976887?
7
What is the ten thousands digit of 432980?
3
What is the tens digit of 7814556?
5
What is the tens digit of 588707?
0
What is the hundred thousands digit of 272309?
2
What is the units digit of 255550?
0
What is the ten thousands digit of 17188584?
8
What is the ten thousands digit of 2750153?
5
What is the hundreds digit of 156123?
1
What is the thousands digit of 2441029?
1
What is the ten thousands digit of 29938281?
3
What is the ten thousands digit of 291404?
9
What is the thousands digit of 25018585?
8
What is the ten thousands digit of 99304?
9
What is the tens digit of 124727?
2
What is the units digit of 714386?
6
What is the thousands digit of 176324?
6
What is the hundreds digit of 19202561?
5
What is the tens digit of 21236559?
5
What is the millions digit of 5488980?
5
What is the hundreds digit of 1528731?
7
What is the hundred thousands digit of 1069025?
0
What is the hundreds digit of 11113068?
0
What is the thousands digit of 4644931?
4
What is the millions digit of 1788844?
1
What is the tens digit of 342299?
9
What is the units digit of 14693?
3
What is the tens digit of 46169?
6
What is the tens digit of 245177?
7
What is the thousands digit of 75191?
5
What is the hundreds digit of 3312909?
9
What is the hundred thousands digit of 152530?
1
What is the thousands digit of 2394478?
4
What is the units digit of 210933?
3
What is the hundred thousands digit of 1289188?
2
Wh